se 5) to base 10
2158
What is -16210 (base 8) in base 12?
-4288
Convert -2022 (base 5) to base 9.
-321
1293 (base 16) to base 3
20112010
Convert -931 (base 12) to base 10.
-1333
Convert 680d (base 14) to base 15.
5530
Convert 1734 (base 10) to base 14.
8bc
What is -829 (base 10) in base 3?
-1010201
-23555 (base 8) to base 5
-310333
Convert 298 (base 15) to base 10.
593
Convert -100011010010101 (base 2) to base 7.
-103452
Convert -3886 (base 9) to base 5.
-43123
-10010000001100 (base 2) to base 14
-3512
15214 (base 6) to base 8
4632
Convert 4550 (base 14) to base 4.
2323322
Convert 9b9 (base 12) to base 10.
1437
What is 1123 (base 7) in base 8?
631
What is 4d9 (base 16) in base 12?
875
Convert 958 (base 10) to base 7.
2536
Convert 3124 (base 5) to base 12.
2a6
13812 (base 10) to base 16
35f4
Convert 580 (base 10) to base 7.
1456
-183 (base 16) to base 12
-283
Convert 111002121 (base 3) to base 13.
4465
What is -745 (base 12) in base 3?
-1110022
-100123 (base 4) to base 5
-13201
Convert -8d (base 14) to base 7.
-236
What is -114a (base 11) in base 5?
-22011
Convert -115 (base 11) to base 14.
-9b
223412 (base 5) to base 3
101221122
What is 78a (base 11) in base 14?
4b7
What is 7327 (base 8) in base 12?
2247
122302 (base 5) to base 8
11136
1001001101111 (base 2) to base 3
20110210
What is 91c2 (base 13) in base 15?
5e50
What is -2185 (base 10) in base 2?
-100010001001
What is 10112202 (base 3) in base 5?
40320
3310233 (base 4) to base 16
3d2f
-359 (base 15) to base 8
-1367
What is 7615 (base 11) in base 2?
10011101001011
-1100220202 (base 3) to base 15
-7e92
What is 210451 (base 6) in base 13?
7996
Convert -634 (base 7) to base 12.
-227
Convert 3750 (base 13) to base 12.
4653
Convert 181b (base 16) to base 2.
1100000011011
What is 250140 (base 6) in base 11?
15664
Convert 2d76 (base 16) to base 6.
125514
-1101001111001 (base 2) to base 10
-6777
-44121 (base 6) to base 2
-1011111010001
What is b0 (base 15) in base 9?
203
Convert 2407 (base 13) to base 2.
1001111010101
What is -727 (base 9) in base 3?
-210221
Convert 166 (base 8) to base 16.
76
What is b2 (base 14) in base 6?
420
What is -a58 (base 13) in base 11?
-1363
What is 312012 (base 6) in base 10?
25064
Convert -4233 (base 5) to base 8.
-1070
Convert -324031 (base 5) to base 7.
-44324
Convert -101000 (base 3) to base 9.
-330
What is -21102210 (base 3) in base 6?
-41033
-102014 (base 6) to base 14
-2dd0
What is -109a5 (base 11) in base 10?
-15845
What is 7c0 (base 15) in base 16?
6db
1233200 (base 4) to base 9
10708
Convert -33331 (base 5) to base 15.
-a61
What is 23ab (base 13) in base 8?
11662
2263 (base 7) to base 9
1121
Convert 1328 (base 13) to base 4.
222302
10000101100 (base 2) to base 12
750
-22445 (base 6) to base 9
-4342
-6299 (base 13) to base 3
-200201102
Convert 175 (base 15) to base 2.
101001111
105 (base 13) to base 2
10101110
Convert -57d (base 14) to base 5.
-13331
-113a1 (base 14) to base 10
-41889
Convert 1021 (base 4) to base 5.
243
Convert 2dc (base 15) to base 3.
220100
-7129 (base 12) to base 6
-132453
Convert 650 (base 10) to base 13.
3b0
What is -1186 (base 9) in base 15?
-3e3
What is 20205 (base 7) in base 10?
4905
2031 (base 4) to base 3
12020
-42203 (base 6) to base 10
-5691
-173 (base 12) to base 14
-127
Convert 132164 (base 7) to base 2.
110000011010111
Convert a1 (base 12) to base 2.
1111001
Convert -2142 (base 7) to base 6.
-3313
What is 110000010100001 (base 2) in base 3?
1020221012
What is 10062 (base 8) in base 4?
1000302
-20001122 (base 3) to base 4
-1011002
-5444 (base 8) to base 9
-3818
Convert -1320 (base 16) to base 8.
-11440
Convert -11111111 (base 2) to base 6.
-1103
-20a (base 16) to base 14
-294
Convert 2242 (base 16) to base 6.
104334
-ce06 (base 15) to base 8
-125210
Convert 7422 (base 8) to base 15.
1223
Convert 23133 (base 5) to base 14.
872
Convert -1534 (base 10) to base 5.
-22114
What is 384 (base 12) in base 8?
1024
What is 2867 (base 10) in base 4?
230303
Convert -234 (base 16) to base 9.
-686
Convert 3432 (base 7) to base 10.
1248
1122120200 (base 3) to base 7
163515
Convert -1110101 (base 2) to base 13.
-90
What is 4021 (base 5) in base 7?
1330
What is -1100010000010 (base 2) in base 7?
-24202
Convert 2555 (base 8) to base 10.
1389
What is -16607 (base 8) in base 11?
-5752
Convert 8b47 (base 14) to base 3.
1020011020
53a (base 14) to base 16
408
What is -383 (base 11) in base 15?
-204
Convert -232323 (base 4) to base 15.
-d53
What is -12926 (base 10) in base 7?
-52454
What is 112323 (base 6) in base 2?
10010110011011
What is 287 (base 12) in base 6?
1451
Convert 410 (base 5) to base 10.
105
Convert -10010111001 (base 2) to base 12.
-849
Convert -2200 (base 3) to base 7.
-132
7775 (base 9) to base 13
27c5
6519 (base 11) to base 13
3bc5
What is 997 (base 12) in base 4?
112003
What is -245 (base 16) in base 2?
-1001000101
Convert 101445 (base 6) to base 2.
1111111100101
What is -72284 (base 9) in base 6?
-1004251
Convert -324 (base 14) to base 5.
-4440
-13113 (base 6) to base 2
-11111000101
aa5 (base 14) to base 9
2788
53 (base 11) to base 13
46
110100101 (base 2) to base 3
120121
Convert -443 (base 11) to base 2.
-1000010011
-938 (base 10) to base 8
-1652
What is -6264 (base 8) in base 9?
-4413
Convert 211200021 (base 3) to base 4.
10002103
-4844 (base 13) to base 15
-304b
What is -2314424 (base 5) in base 16?
-a388
22502 (base 7) to base 16
1667
Convert -2411320 (base 5) to base 6.
-542225
-1262 (base 12) to base 14
-a94
Convert 2a59 (base 15) to base 7.
35325
Convert 344 (base 6) to base 7.
253
Convert 12361 (base 11) to base 3.
220022210
12100011 (base 3) to base 10
3892
Convert -111356 (base 9) to base 3.
-10101101220
-101110000101 (base 2) to base 14
-1109
1355 (base 7) to base 6
2242
Convert 3534 (base 8) to base 6.
12420
What is -22703 (base 8) in base 3?
-111021001
What is -10011001111110 (base 2) in base 16?
-267e
What is 270a4 (base 12) in base 14?
157d2
What is 202102 (base 3) in base 6?
2315
What is 3048 (base 10) in base 13?
1506
What is 8102 (base 10) in base 5?
224402
Convert -10010 (base 2) to base 15.
-13
24 (base 10) to base 12
20
Convert -6410 (base 7) to base 4.
-203111
What is -78471 (base 9) in base 8?
-145663
What is -1100000101100 (base 2) in base 7?
-24020
What is -11633 (base 7) in base 3?
-11012102
Convert 111 (base 12) to base 11.
133
-3013 (base 5) to base 10
-383
Convert -1206b (base 12) to base 16.
-5ed3
Convert 102212 (base 3) to base 15.
165
What is -a49 (base 15) in base 4?
-210033
Convert -533 (base 8) to base 12.
-24b
Convert -11111 (base 3) to base 15.
-81
1632 (base 11) to base 5
31332
What is 10303213 (base 4) in base 3?
1000000011
What is 5a89 (base 11) in base 5?
223322
Convert 16666 (base 11) to base 9.
35117
What is -4c06 (base 14) in base 11?
-a022
What is -132101 (base 7) in base 9?
-36845
What is 295 (base 15) in base 9?
725
-18440 (base 9) to base 8
-30721
What is 10001110101 (base 2) in base 7?
3220
What is 257 (base 15) in base 6?
2244
What is 2723 (base 11) in base 12?
2066
Convert 682 (base 11) to base 8.
1460
What is 185 (base 10) in base 13?
113
Convert -b3ba (base 12) to base 7.
-111043
What is -277 (base 10) in base 2?
-100010101
Convert -11000010000 (base 2) to base 4.
-120100
What is 622 (base 12) in base 16?
37a
-16164 (base 8) to base 10
-7284
What is -61a4 (base 14) in base 7?
-66664
What is -2083 (base 12) in base 14?
-141d
What is 15131 (base 8) in base 14?
265b
Convert 753 (base 11) to base 2.
1110001001
-701 (base 13) to base 2
-10010100000
What is -c222 (base 14) in base 4?
-20021012
-1d7 (base 16) to base 3
-122110
What is -24820 (base 10) in base 13?
-b3b3
Convert -2265 (base 12) to base 11.
-2964
What is 275 (base 12) in base 9?
458
What is 22202 (base 3) in base 4?
3230
-3330101 (base 4) to base 8
-37421
What is 13102 (base 9) in base 15?
293b
-110202 (base 3) to base 7
-1001
45 (base 15) to base 6
145
What is 1b410 (base 13) in base 12?
26ab5
-1122120201 (base 3) to base 4
-13323310
a928 (base 14) to base 13
10403
Convert 127 (base 8) to base 10.
87
Convert 54b (base 12) to base 8.
1413
What is 2041 (base 6) in base 5?
3312
What is 15656 (base 10) in base 9?
23425
What is 1132 (base 6) in base 9?
332
22012220 (base 3) to base 8
13547
What is 2003113 (base 4) in base 